41 is divided by 13?
11
Calculate the remainder when 249 is divided by 20.
9
Calculate the remainder when 2144 is divided by 55.
54
Calculate the remainder when 1005 is divided by 36.
33
Calculate the remainder when 11 is divided by 9.
2
Calculate the remainder when 85 is divided by 10.
5
What is the remainder when 108 is divided by 11?
9
What is the remainder when 2204 is divided by 16?
12
Calculate the remainder when 7378 is divided by 41.
39
Calculate the remainder when 1295 is divided by 24.
23
Calculate the remainder when 2621 is divided by 118.
25
What is the remainder when 364 is divided by 73?
72
What is the remainder when 581 is divided by 147?
140
Calculate the remainder when 89 is divided by 81.
8
Calculate the remainder when 272 is divided by 7.
6
Calculate the remainder when 67 is divided by 38.
29
What is the remainder when 117 is divided by 6?
3
Calculate the remainder when 73 is divided by 10.
3
What is the remainder when 523 is divided by 75?
73
Calculate the remainder when 42 is divided by 27.
15
What is the remainder when 223 is divided by 7?
6
Calculate the remainder when 296 is divided by 25.
21
Calculate the remainder when 1234 is divided by 95.
94
Calculate the remainder when 354 is divided by 60.
54
Calculate the remainder when 39 is divided by 2.
1
What is the remainder when 584 is divided by 13?
12
What is the remainder when 324 is divided by 176?
148
Calculate the remainder when 946 is divided by 19.
15
What is the remainder when 834 is divided by 31?
28
What is the remainder when 969 is divided by 65?
59
What is the remainder when 1308 is divided by 41?
37
What is the remainder when 2698 is divided by 23?
7
What is the remainder when 148 is divided by 31?
24
What is the remainder when 1538 is divided by 377?
30
Calculate the remainder when 99 is divided by 37.
25
Calculate the remainder when 2653 is divided by 1305.
43
What is the remainder when 2597 is divided by 99?
23
What is the remainder when 116 is divided by 27?
8
Calculate the remainder when 1619 is divided by 29.
24
What is the remainder when 813 is divided by 43?
39
What is the remainder when 1259 is divided by 158?
153
What is the remainder when 300 is divided by 22?
14
Calculate the remainder when 2942 is divided by 118.
110
What is the remainder when 377 is divided by 23?
9
What is the remainder when 80 is divided by 6?
2
Calculate the remainder when 727 is divided by 13.
12
What is the remainder when 4551 is divided by 147?
141
What is the remainder when 498 is divided by 458?
40
What is the remainder when 523 is divided by 56?
19
Calculate the remainder when 1221 is divided by 81.
6
Calculate the remainder when 272 is divided by 25.
22
What is the remainder when 1097 is divided by 545?
7
What is the remainder when 635 is divided by 49?
47
What is the remainder when 156 is divided by 47?
15
Calculate the remainder when 5089 is divided by 150.
139
What is the remainder when 818 is divided by 783?
35
What is the remainder when 1049 is divided by 112?
41
Calculate the remainder when 757 is divided by 373.
11
What is the remainder when 18181 is divided by 29?
27
What is the remainder when 1161 is divided by 20?
1
What is the remainder when 5984 is divided by 45?
44
What is the remainder when 225 is divided by 59?
48
Calculate the remainder when 35597 is divided by 200.
197
What is the remainder when 410 is divided by 254?
156
Calculate the remainder when 233 is divided by 80.
73
Calculate the remainder when 166 is divided by 19.
14
What is the remainder when 1565 is divided by 313?
0
What is the remainder when 471 is divided by 68?
63
What is the remainder when 619 is divided by 104?
99
Calculate the remainder when 249 is divided by 17.
11
What is the remainder when 145 is divided by 25?
20
What is the remainder when 19463 is divided by 62?
57
What is the remainder when 4377 is divided by 151?
149
Calculate the remainder when 216 is divided by 53.
4
Calculate the remainder when 3162 is divided by 632.
2
What is the remainder when 13181 is divided by 26?
25
Calculate the remainder when 749 is divided by 28.
21
Calculate the remainder when 176 is divided by 45.
41
Calculate the remainder when 153 is divided by 23.
15
Calculate the remainder when 3532 is divided by 68.
64
What is the remainder when 2868 is divided by 29?
26
Calculate the remainder when 868 is divided by 58.
56
What is the remainder when 337 is divided by 38?
33
Calculate the remainder when 174 is divided by 85.
4
What is the remainder when 142 is divided by 8?
6
Calculate the remainder when 31 is divided by 17.
14
What is the remainder when 821 is divided by 204?
5
Calculate the remainder when 286 is divided by 96.
94
What is the remainder when 2161 is divided by 166?
3
Calculate the remainder when 161 is divided by 21.
14
Calculate the remainder when 2441 is divided by 31.
23
What is the remainder when 1137 is divided by 15?
12
What is the remainder when 462 is divided by 31?
28
Calculate the remainder when 260 is divided by 123.
14
Calculate the remainder when 4830 is divided by 1606.
12
What is the remainder when 75 is divided by 16?
11
What is the remainder when 1274 is divided by 13?
0
What is the remainder when 962 is divided by 309?
35
Calculate the remainder when 648 is divided by 31.
28
Calculate the remainder when 2597 is divided by 11.
1
Calculate the remainder when 898 is divided by 289.
31
Calculate the remainder when 637 is divided by 161.
154
Calculate the remainder when 483 is divided by 22.
21
What is the remainder when 115 is divided by 23?
0
Calculate the remainder when 11498 is divided by 71.
67
Calculate the remainder when 34 is divided by 13.
8
What is the remainder when 117 is divided by 59?
58
What is the remainder when 755 is divided by 41?
17
Calculate the remainder when 714 is divided by 103.
96
Calculate the remainder when 2278 is divided by 104.
94
Calculate the remainder when 987 is divided by 13.
12
What is the remainder when 108 is divided by 13?
4
Calculate the remainder when 4944 is divided by 30.
24
Calculate the remainder when 586 is divided by 198.
190
Calculate the remainder when 755 is divided by 189.
188
What is the remainder when 4743 is divided by 61?
46
What is the remainder when 358 is divided by 76?
54
What is the remainder when 3179 is divided by 43?
40
What is the remainder when 2590 is divided by 645?
10
What is the remainder when 4543 is divided by 2259?
25
Calculate the remainder when 890 is divided by 183.
158
Calculate the remainder when 2102 is divided by 18.
14
What is the remainder when 493 is divided by 99?
97
What is the remainder when 183 is divided by 17?
13
What is the remainder when 805 is divided by 198?
13
What is the remainder when 32 is divided by 12?
8
Calculate the remainder when 662 is divided by 215.
17
Calculate the remainder when 271 is divided by 39.
37
What is the remainder when 3411 is divided by 180?
171
What is the remainder when 1844 is divided by 22?
18
Calculate the remainder when 81 is divided by 15.
6
Calculate the remainder when 126 is divided by 76.
50
Calculate the remainder when 7697 is divided by 107.
100
What is the remainder when 393 is divided by 12?
9
What is the remainder when 752 is divided by 132?
92
What is the remainder when 121 is divided by 117?
4
What is the remainder when 984 is divided by 7?
4
What is the remainder when 3988 is divided by 12?
4
What is the remainder when 19 is divided by 14?
5
What is the remainder when 2366 is divided by 88?
78
What is the remainder when 2390 is divided by 184?
182
What is the remainder when 479 is divided by 24?
23
Calculate the remainder when 87 is divided by 9.
6
Calculate the remainder when 150 is divided by 51.
48
What is the remainder when 3330 is divided by 68?
66
Calculate the remainder when 1745 is divided by 434.
9
What is the remainder when 3766 is divided by 56?
14
What is the remainder when 354 is divided by 197?
157
What is the remainder when 985 is divided by 174?
115
Calculate the remainder when 1614 is divided by 19.
18
What is the remainder when 130 is divided by 66?
64
What is the remainder when 453 is divided by 24?
21
What is the remainder when 90 is divided by 29?
3
What is the remainder when 97 is divided by 12?
1
Calculate the rema